4 = 3*p + 4*m, -3*m - 218 - 509 = -4*p. Let x = p - 156. What is the greatest common divisor of 99 and x?
11
Let h = 6856 - 6828. What is the greatest common divisor of h and 3682?
14
Let d(m) = 3*m**3. Let b(l) = -l + 9. Let g be b(7). Let u be d(g). Let j(y) = -y**2 - y + 75. Let w be j(-9). Calculate the greatest common factor of u and w.
3
Let z(q) = q**3 - 47*q**2 + 50*q - 161. Let f be z(46). What is the highest common divisor of 4163 and f?
23
Suppose 2*w + d + 377 = 863, 0 = -5*d - 40. Suppose -2*v - 10 = 3*v, -59 = -5*x - 3*v. What is the highest common factor of x and w?
13
Suppose p + 3*p - 3*y - 84 = 0, -2*p - 2*y = -56. Suppose p*b - 320 = 8*b. What is the greatest common divisor of 110 and b?
10
Let v(m) be the third derivative of 3*m**4/2 + 37*m**3/6 + 32*m**2 + 2. Let g be v(-1). What is the greatest common divisor of g and 49?
1
Let a = -40 + 44. Let l be 106/a - (-1)/4*6. Suppose 0 = 12*f - 14*f + 8. Calculate the highest common divisor of l and f.
4
Let t = -16177 + 19367. Calculate the greatest common factor of t and 660.
110
Suppose 0 = -3*z - 6, 130*p = 70*p + 62*p - 4*z - 28. Let a be 2 - 2 - (-56 - -1). Calculate the highest common factor of a and p.
5
Let h be 18/(-4)*(4 + 238/(-21)). What is the greatest common factor of 737 and h?
11
Let y = 207 - 35. Let f(q) = q**2 - 2*q - 125. Let s be f(14). What is the greatest common divisor of y and s?
43
Let y = 372 + 1087. Suppose -10*l = -y - 5951. Calculate the highest common factor of l and 39.
39
Let j = -106248 + 106297. Let n(o) = -o**3 + 4*o - 1. Let v be n(-3). Calculate the highest common divisor of j and v.
7
Let f be (-20798)/(-52) + 319/8294. Calculate the greatest common divisor of 4225 and f.
25
Let c = 28436 + -13252. What is the greatest common divisor of 52 and c?
52
Let o = 2827 + -2542. Calculate the highest common factor of 15 and o.
15
Let f(x) = -3*x**3 + 2*x**2 + 6*x + 7. Suppose -14*b + 13 - 69 = 0. Let g be f(b). Calculate the highest common divisor of g and 276.
69
Suppose -38*d + 41*d = 2*y + 5, -d + 20 = 3*y. What is the greatest common divisor of y and 755?
5
Let l = -1889 - -1993. Calculate the greatest common factor of l and 2756.
52
Suppose 0 = 50*m - 52*m, 356 = 2*o - 3*m. Let u = -63 + 45. Let a = o - u. Calculate the greatest common factor of 28 and a.
28
Suppose -7 = 9*b - 25. Suppose 3*z + b*z = 3*u + 1, 2*u + 5*z - 41 = 0. Calculate the greatest common divisor of u and 6.
2
Let a be -9*((-156)/18)/1. Let y be (a/(-18))/(5/(-210)). Calculate the greatest common factor of y and 26.
26
Let s be (-453)/(-9) + (-2)/(-3). Let p be 288/(-2016) + -4 + (-10112)/(-28). Calculate the greatest common factor of p and s.
51
Let r be (-145)/(-13) + ((-54)/13 - -4). What is the greatest common divisor of r and 1661?
11
Let j = 15 + -36. Let g be 6/j*1 - 23/(-7). Calculate the greatest common divisor of 2 and g.
1
Let y = -18626 + 21416. Calculate the greatest common factor of y and 50.
10
Suppose -a = a + v - 3, 4*v + 21 = 3*a. Let r be (160/15 + -6)/(a/18). What is the greatest common divisor of r and 4?
4
Suppose 6*c - t - 260 = 0, 5*c - t = 157 + 60. What is the highest common divisor of 1505 and c?
43
Let d(c) = 49*c**2 + 79*c - 74. Let y be d(-6). What is the highest common factor of 228 and y?
76
Suppose 44*g = 2676 + 580. Let q(h) = -h - 4. Let f be q(-6). Suppose 2*k - 360 = -f*x, 3*x - 2*x + 4*k = 165. What is the greatest common factor of x and g?
37
Let l = -26 + 26. Let k(n) = -n**3 - 72*n**2 + l*n**3 - n + 58*n**2 - 10. Let y be k(-14). What is the highest common factor of y and 16?
4
Suppose -3*m - 26120 = -8*r, 5*r + 9*m = 4*m + 16380. Calculate the highest common factor of r and 456.
76
Let q = 44 - 43. Let i be -6*q*(-1)/2. Let j be (-78)/(-5) - (68/(-20) + i). What is the highest common divisor of 8 and j?
8
Let q be (636/3816)/(110/36 - 3). Let n = 90 - 42. What is the highest common divisor of n and q?
3
Let o = -200 + 133. Let c = o - -113. What is the highest common divisor of c and 46?
46
Suppose 8352 = -16*h + 28*h. What is the highest common divisor of 203 and h?
29
Let v = -5791 - -5875. Calculate the greatest common factor of 19131 and v.
21
Let k = -111 + 119. Let b be (-42)/(-18) - (-2)/3. Suppose k*v - 110 = -b*v. Calculate the highest common divisor of v and 10.
10
Suppose 30*f + 4*k = 28*f + 246, -2*k = -f + 151. Calculate the highest common divisor of 2 and f.
1
Let h(u) = -u**3 - 6*u**2 + 19*u + 11. Let t be h(-9). Let b = t + -116. Let z = -20 - b. What is the highest common factor of 104 and z?
13
Suppose 4*b = 5*d + 973, 2*b - 5*d - 498 + 9 = 0. Let r = b + -165. Let h = r - 17. What is the highest common factor of h and 12?
12
Let p be 4/160*16 - 42/5. Let s be (1148/21 - 8)/(p/(-60)). Calculate the highest common divisor of s and 140.
70
Suppose -3*o - 3*c = -153, c = -0*o + 2*o - 102. Suppose 16*q - 998 = 2266. What is the greatest common divisor of o and q?
51
Let l = 203 - 118. Let p = l - 81. Suppose 0 = 3*x + p*m - 2*m - 81, -5*x + 2*m + 135 = 0. Calculate the highest common factor of x and 18.
9
Let g be 120 + -17 + 22 + -13. Let b = 115 + -67. What is the greatest common factor of b and g?
16
Let y(q) = 182*q**3 - 43*q + 44. Let h be y(1). What is the highest common factor of h and 244?
61
Let i be 26/((-4)/(-4) - 3). Let w be i/(-15) + (-12)/(-90). Let q be -6*w/12*10*-9. What is the highest common divisor of 315 and q?
45
Let d(t) = t + t**3 + t - 25*t**2 + 22*t**2. Let u be d(1). Suppose 4*m - 2*v - 384 = u, 0 + 4 = -2*v. What is the greatest common divisor of m and 19?
19
Suppose -30*t + 34*t = c - 4545, 4*t + 9090 = 2*c. Calculate the greatest common divisor of 135 and c.
45
Let h(n) = n**2 - 10*n + 8. Let m be h(6). Let d = m + 22. Suppose 0 = x - 6*x + 3*w + 120, -12*w = -4*x + 96. Calculate the greatest common divisor of x and d.
6
Let u be (-8)/(-20) + (-6)/(-10) - 1. Let s be (u - (4 + -3))*-4. Suppose -s*a + 7 + 29 = 0. What is the greatest common factor of a and 27?
9
Let t = 246536 - 246490. Suppose 1 = 4*k - f, -5*k + 6 = -4*f + 2. Suppose a - 2*a - s = -415, -3*s + 3 = k. Calculate the highest common divisor of t and a.
46
Suppose -67*a + 29 + 41 + 64 = 0. Calculate the greatest common factor of a and 587.
1
Let y be (-26 - (-28 + 7))*7/((-70)/12). What is the highest common factor of y and 2382?
6
Let w(b) = b**3 - 52*b**2 - 696*b - 93. Let o be w(65). What is the greatest common divisor of o and 352?
88
Suppose 56*o - 99*o + 55*o - 252 = 0. What is the greatest common factor of o and 5376?
21
Let z be 14/6 - (-4935)/45. Suppose o + 16 - 259 = -3*h, -412 = -5*h - 4*o. What is the greatest common divisor of z and h?
16
Suppose -19*x + 2288 + 3716 = 0. Suppose 0 = -4*q - d + 4*d + 296, -2*d + x = 4*q. What is the greatest common factor of q and 44?
11
Let x be 10621 - 14/(126/153). Calculate the highest common divisor of x and 88.
44
Suppose 6*y + 7897 = 9913. Calculate the greatest common factor of 16464 and y.
336
Suppose 144*s + 6729 = 350*s - 24171. Calculate the highest common divisor of s and 1395.
15
Let y = 1977 - 1944. Calculate the highest common factor of y and 1243.
11
Suppose -l + 1985 = -q + 3*q, -3*q = -2*l - 2960. Suppose 0 = -209*f + 215*f - q. What is the highest common divisor of 198 and f?
33
Let z(i) = 3*i**2 + 10*i + 3. Let v = -115 + 111. Let r be z(v). Calculate the greatest common divisor of 44 and r.
11
Suppose 0 = -55*j + 18*j + 30*j + 679. Calculate the highest common divisor of 2 and j.
1
Let m be 3/42 - (-174)/(-84). Let w be (7 - 6) + (m - -3). Calculate the highest common divisor of w and 50.
2
Let c(d) = 2*d**3 - 31*d**2 - 29*d - 789. Let f be c(23). What is the highest common factor of 155 and f?
31
Suppose 2*k + 20 = 3*l, -302*l + 4*k = -306*l + 60. What is the greatest common factor of 2275 and l?
5
Suppose 169 = 18*b - 1217. Calculate the highest common factor of 336 and b.
7
Suppose 14*f = 3075 + 257. Calculate the highest common divisor of 357 and f.
119
Let u = -100 - -290. Let d = -104 + u. Suppose -3*c - 4*j = -d, 8*j - 25 = -c + 3*j. What is the highest common factor of c and 150?
30
Let p(d) = 192*d - 4278. Let i be p(23). What is the highest common divisor of i and 3358?
46
Let f = -92999 - -93039. Let g be (2 - 18) + (-2)/1. Let t = 38 + g. Wha